{"id":111,"date":"2023-02-07T23:05:28","date_gmt":"2023-02-07T23:05:28","guid":{"rendered":"https:\/\/www.quehaydecome.es\/?page_id=111"},"modified":"2023-02-09T11:41:07","modified_gmt":"2023-02-09T11:41:07","slug":"politica-de-privacidad","status":"publish","type":"page","link":"https:\/\/www.quehaydecome.es\/index.php\/politica-de-privacidad\/","title":{"rendered":"Pol\u00edtica de privacidad"},"content":{"rendered":"\t\t<div data-elementor-type=\"wp-page\" data-elementor-id=\"111\" class=\"elementor elementor-111\">\n\t\t\t\t\t\t\t\t\t<section data-particle_enable=\"false\" data-particle-mobile-disabled=\"false\" class=\"elementor-section elementor-top-section elementor-element elementor-element-7390043 elementor-section-full_width elementor-section-height-default elementor-section-height-default\" data-id=\"7390043\" data-element_type=\"section\" data-settings=\"{&quot;background_background&quot;:&quot;classic&quot;,&quot;_ha_eqh_enable&quot;:false}\">\n\t\t\t\t\t\t<div class=\"elementor-container elementor-column-gap-default\">\n\t\t\t\t\t<div class=\"elementor-column elementor-col-100 elementor-top-column elementor-element elementor-element-a556f46\" data-id=\"a556f46\" data-element_type=\"column\">\n\t\t\t<div class=\"elementor-widget-wrap elementor-element-populated\">\n\t\t\t\t\t\t\t\t<div class=\"elementor-element elementor-element-002fba7 elementor-widget elementor-widget-text-editor\" data-id=\"002fba7\" data-element_type=\"widget\" data-widget_type=\"text-editor.default\">\n\t\t\t\t<div class=\"elementor-widget-container\">\n\t\t\t<style>\/*! elementor - v3.10.2 - 29-01-2023 *\/\n.elementor-widget-text-editor.elementor-drop-cap-view-stacked .elementor-drop-cap{background-color:#818a91;color:#fff}.elementor-widget-text-editor.elementor-drop-cap-view-framed .elementor-drop-cap{color:#818a91;border:3px solid;background-color:transparent}.elementor-widget-text-editor:not(.elementor-drop-cap-view-default) .elementor-drop-cap{margin-top:8px}.elementor-widget-text-editor:not(.elementor-drop-cap-view-default) .elementor-drop-cap-letter{width:1em;height:1em}.elementor-widget-text-editor .elementor-drop-cap{float:left;text-align:center;line-height:1;font-size:50px}.elementor-widget-text-editor .elementor-drop-cap-letter{display:inline-block}<\/style>\t\t\t\t<p><b>AVISO LEGAL<\/b><\/p>\n<p><b>Aviso legal y condiciones de uso.<\/b><\/p>\n<p>Si has llegado a este apartado de nuestra p\u00e1gina web es porque sin duda te interesa saber m\u00e1s sobre la relaci\u00f3n que podemos tener en este espacio. Es decir, conocer los datos de nuestra actividad, la finalidad de la web, que informaci\u00f3n de la web utilizamos y que hacemos con tus datos, cuales son los derechos y obligaciones que tenemos ambos y explicarte cuales nuestros procedimientos para proteger tus datos personales y mi compromiso de confidencialidad.<\/p>\n<p>Datos del Responsable.<\/p>\n<ul>\n<li>Identidad del Responsable: FRANCISCO JAVIER VALLE RODR\u00cdGUEZ DE MEDINA.<\/li>\n<li>Nombre comercial:&nbsp;QU\u00c9 HAY DE COM\u00c9<\/li>\n<li>Direcci\u00f3n: AVDA. JUAN CARLOS I, URB. EL ENCINAR 4 &#8211; EDIF. 1 &#8211; LOCAL C,3 &#8211; JEREZ DE LA FRONTERA &#8211; C\u00c1DIZ.<\/li>\n<li>Correo electr\u00f3nico: quehaydecome@gmail.com<font color=\"#050505\" face=\"Segoe UI Historic, Segoe UI, Helvetica, Arial, sans-serif\"><span style=\"font-size: 15px;\">.<\/span><\/font><\/li>\n<li>Actividad:&nbsp;INFORMACI\u00d3N AL CONSUMIDOR FINAL.<\/li>\n<\/ul>\n<p>QUEHAYDECOME.ES, como responsable de esta web, asume el compromiso de procesar la informaci\u00f3n de nuestros usuarios y clientes con plenas garant\u00edas y cumplir con los requisitos nacionales y europeos que regulan la recopilaci\u00f3n y uso de los datos personales de los usuarios.<\/p>\n<p>Esta web, por tanto, cumple rigurosamente con la Ley Org\u00e1nica 3\/2018, de 5 de diciembre, de Protecci\u00f3n de Datos Personales y garant\u00eda de los derechos digitales. Cumple tambi\u00e9n con el Reglamento (UE) 2016\/679 del Parlamento Europeo y del Consejo de 27 de abril de 2016 relativo a la protecci\u00f3n de las personas f\u00edsicas (RGPD), as\u00ed como con la Ley 34\/2002, de 11 de julio, de Servicios de la Sociedad de la Informaci\u00f3n y Comercio Electr\u00f3nico (LSSICE \u00f3 LSSI).<\/p>\n<p>Condiciones generales de uso.<\/p>\n<p>El presente Aviso Legal regula el uso (incluyendo el mero acceso) de las p\u00e1ginas de la web, integrantes del sitio web de robotaspiradorfriegasuelos.com incluidos los contenidos y servicios puestos a disposici\u00f3n en ellas. Toda persona que acceda a la web, https:\/\/quehaydecome.es (\u201cusuario\u201d) acepta someterse a las normas de uso vigentes en cada momento del portal&nbsp;<span style=\"font-size: 1rem;\">https:\/\/quehaydecome.es.<\/span><\/p>\n<p><b>Compromisos y obligaciones de los usuarios.<\/b><\/p>\n<p>El usuario queda informado, y acepta, que el acceso a la presente web no supone, en modo alguno, el inicio de una relaci\u00f3n comercial con QUEHAYDECOME.ES. De esta forma, el usuario se compromete a utilizar el sitio web, sus servicios y contenidos sin contravenir la legislaci\u00f3n vigente, la buena fe y el orden p\u00fablico.<\/p>\n<p>Queda prohibido el uso de la web, con fines il\u00edcitos o lesivos, o que, de cualquier forma, puedan causar perjuicio o impedir el normal funcionamiento del sitio web. Respecto de los contenidos de esta web, se proh\u00edbe:<\/p>\n<ul>\n<li>Su reproducci\u00f3n, distribuci\u00f3n o modificaci\u00f3n, total o parcial, a menos que se cuente con mi autorizaci\u00f3n como leg\u00edtimo titular;<\/li>\n<li>Cualquier vulneraci\u00f3n de los derechos del prestador o de nosotros como leg\u00edtimo titular;<\/li>\n<li>Su utilizaci\u00f3n para fines comerciales o publicitarios.<\/li><\/ul><span style=\"background-color: transparent;\">&nbsp;<\/span><br><ul>\n<\/ul>\n<p>En la utilizaci\u00f3n de la web,&nbsp;<span style=\"font-size: 1rem;\">https:\/\/quehaydecome.es<\/span><span style=\"font-size: 1rem;\">&nbsp;el usuario se compromete a no llevar a cabo&nbsp;ninguna conducta&nbsp;que pudiera da\u00f1ar la imagen, los intereses y los derechos de QUEHAYDECOME.ES o de terceros o que pudiera da\u00f1ar, inutilizar o sobrecargar el portal&nbsp;<\/span><span style=\"font-size: 1rem;\">https:\/\/quehaydecome.es<\/span><span style=\"font-size: 1rem;\">&nbsp;o que impidiera, de cualquier forma, la normal utilizaci\u00f3n de la web.<\/span><\/p>\n<p>No obstante, el usuario debe ser consciente de que las medidas de seguridad de los sistemas inform\u00e1ticos en Internet no son enteramente fiables y que, por tanto&nbsp;<span style=\"font-size: 1rem;\">https:\/\/quehaydecome.es<\/span><span style=\"font-size: 1rem;\">&nbsp;no puede garantizar la inexistencia de malware u otros elementos que puedan producir alteraciones en los sistemas inform\u00e1ticos (software y hardware) del usuario o en sus documentos electr\u00f3nicos y ficheros contenidos en los mismos aunque ponemos todos los medios necesarios y las medidas de seguridad oportunas para evitar la presencia de estos elementos da\u00f1inos.<\/span><\/p>\n<p>Anuncios patrocinados, enlaces de afiliados y publicidad.<\/p>\n<p>Esta web ofrece a los usuarios contenidos patrocinados, anuncios y\/o enlaces de afiliados.<\/p>\n<p>Entre los enlaces facilitados, existe la posibilidad de informar y de referenciar productos y\/o servicios y\/o infoproductos. En estos \u00faltimos casos, esa solicitud ser\u00e1 remitida a terceros, como son:<\/p>\n<ul>\n<li>GOOGLE.<\/li><\/ul><br><ul>\n<\/ul>\n<p>La informaci\u00f3n que aparezcan en estos enlaces de afiliados o los anuncios insertados, son facilitados por los propios anunciantes, por lo que QUEHAYDECOME.ES no se hace responsable de posibles inexactitudes o errores que pudieran contener los anuncios, ni garantiza en modo alguno la experiencia, integridad o responsabilidad de los anunciantes o la calidad de sus productos.<\/p>\n<p>Los anuncios permanecer\u00e1n publicados en el portal hasta que sean eliminados o suspendidos por parte del anunciante o de QUEHAYDECOME.ES, que l\u00f3gicamente no ser\u00e1 responsable de que, una vez dados de baja en sus bases de datos, los anuncios contin\u00faen siendo indexados en buscadores ajenos a este portal.<\/p>\n<p>Cualquier relaci\u00f3n contractual o extracontractual que el usuario formalice con los anunciantes, afiliados o terceras personas contactadas a trav\u00e9s de este portal se entienden realizados \u00fanica y exclusivamente entre el usuario y el anunciante y\/o tercera persona. El usuario sabe y acepta que&nbsp;<span style=\"font-size: 1rem;\">https:\/\/quehaydecome.es<\/span><span style=\"font-size: 1rem;\">&nbsp;\u00fanicamente act\u00faa como cauce o medio publicitario y que por tanto no tiene ning\u00fan tipo de responsabilidad sobre los da\u00f1os o perjuicios de cualquier naturaleza ocasionados con motivo de sus negociaciones, conversaciones y\/o relaciones contractuales o extracontractuales con los anunciantes o terceras personas f\u00edsicas o jur\u00eddicas contactadas a trav\u00e9s de este portal.<\/span><\/p>\n<p><b>Medidas de seguridad.<\/b><\/p>\n<p>Los datos personales comunicados por el usuario a QUEHAYDECOME.ES pueden ser almacenados en bases de datos automatizadas o no, cuya titularidad corresponde en exclusiva a QUEHAYDECOME.ES, asumiendo \u00e9sta todas las medidas de \u00edndole t\u00e9cnica, organizativa y de seguridad que garantizan la confidencialidad, integridad y calidad de la informaci\u00f3n contenida en las mismas de acuerdo con lo establecido en la normativa vigente en protecci\u00f3n de datos. La comunicaci\u00f3n entre los usuarios y&nbsp;<span style=\"font-size: 1rem;\">https:\/\/quehaydecome.es<\/span><span style=\"font-size: 1rem;\">&nbsp;utiliza un canal seguro, y los datos transmitidos son cifrados gracias a protocolos a https, por tanto, garantizo las mejores condiciones de seguridad para que la confidencialidad de los usuarios est\u00e9 garantizada.<\/span><\/p>\n<p><b>Plataforma de resoluci\u00f3n de conflictos.<\/b><\/p>\n<p>Pongo tambi\u00e9n a disposici\u00f3n de los usuarios la plataforma de resoluci\u00f3n de litigios que facilita la Comisi\u00f3n Europea y que se encuentra disponible en el siguiente enlace:&nbsp;<a href=\"http:\/\/ec.europa.eu\/consumers\/odr\/\" target=\"_blank\" rel=\"noopener\">http:\/\/ec.europa.eu\/consumers\/odr\/<\/a><\/p>\n<p><b>Derechos de propiedad intelectual.<\/b><\/p>\n<p>En virtud de lo dispuesto en los art\u00edculos 8 y 32.1, p\u00e1rrafo segundo, de la Ley de Propiedad Intelectual, quedan expresamente prohibidas la reproducci\u00f3n, la distribuci\u00f3n y la comunicaci\u00f3n p\u00fablica, incluida su modalidad de puesta a disposici\u00f3n, de la totalidad o parte de los contenidos de esta p\u00e1gina web, con fines comerciales, en cualquier soporte y por cualquier medio t\u00e9cnico, sin la autorizaci\u00f3n expresa de QUEHAYDECOME.ES. El usuario se compromete a respetar los derechos de Propiedad Intelectual titularidad de QUEHAYDECOME.ES.<\/p>\n<p>El usuario conoce y acepta que la totalidad del sitio web, conteniendo sin car\u00e1cter exhaustivo el texto, software, contenidos (incluyendo estructura, selecci\u00f3n, ordenaci\u00f3n y presentaci\u00f3n de los mismos) podcast, fotograf\u00edas, material audiovisual y gr\u00e1ficos, est\u00e1 protegida por marcas, derechos de autor y otros derechos leg\u00edtimos, de acuerdo con los tratados internacionales en los que Espa\u00f1a es parte y otros derechos de propiedad y leyes de Espa\u00f1a, como el Real Decreto Legislativo 1\/1996, de 12 de abril, de la Ley de propiedad intelectual.<\/p>\n<p>En el caso de que un usuario o un tercero consideren que se ha producido una violaci\u00f3n de sus leg\u00edtimos derechos de propiedad intelectual por la introducci\u00f3n de un determinado contenido en la web, deber\u00e1 notificar dicha circunstancia a QUEHAYDECOME.ES indicando:<\/p>\n<ul>\n<li>Datos personales del interesado titular de los derechos presuntamente infringidos, o indicar la representaci\u00f3n con la que act\u00faa en caso de que la reclamaci\u00f3n la presente un tercero distinto del interesado.<\/li>\n<li>Se\u00f1alar los contenidos protegidos por los derechos de propiedad intelectual y su ubicaci\u00f3n en la web, la acreditaci\u00f3n de los derechos de propiedad intelectual se\u00f1alados y declaraci\u00f3n expresa en la que el interesado se responsabiliza de la veracidad de las informaciones facilitadas en la notificaci\u00f3n.<\/li><\/ul><br><ul>\n<\/ul>\n<p><b>Enlaces externos.<\/b><\/p>\n<p>Las p\u00e1ginas de la web&nbsp;<span style=\"font-size: 1rem;\">https:\/\/quehaydecome.es<\/span><span style=\"font-size: 1rem;\">&nbsp;proporcionan enlaces a otros sitios web propios y contenidos que son propiedad de terceros tales como:<\/span><\/p>\n<ul>\n<li>Herramientas<\/li>\n<li>Recursos<\/li>\n<li>Contenido de otros blogs<\/li>\n<li>Enlaces de afiliados<\/li>\n<li>&nbsp;<\/li>\n<\/ul>\n<p><b>Exclusi\u00f3n de garant\u00edas y responsable.<\/b><\/p>\n<p>QUEHAYDECOME.ES no otorga ninguna garant\u00eda ni se hace responsable, en ning\u00fan caso, de los da\u00f1os y perjuicios de cualquier naturaleza que pudieran traer causa de:<\/p>\n<ul>\n<li>La falta de disponibilidad y mantenimiento de la web, o de sus servicios y contenidos.<\/li>\n<li>La existencia de malware, programas maliciosos o lesivos en los contenidos;<\/li>\n<li>El uso il\u00edcito, negligente, fraudulento o contrario a este Aviso Legal por parte de terceras personas ajenas a QUEHAYDECOME;<\/li>\n<li>La falta de licitud, calidad, fiabilidad, utilidad y disponibilidad de los servicios prestados por terceros y puestos a disposici\u00f3n de los usuarios en el sitio web.<\/li>\n<li>El prestador no se hace responsable bajo ning\u00fan concepto de los da\u00f1os que pudieran dimanar del uso ilegal o indebido de la presente p\u00e1gina web. Identifique los correos electr\u00f3nicos falsos (intentos de \u2018spoofing\u2019 o \u2018phishing\u2019). Ignore todo correo electr\u00f3nico que, sin estar realizando ning\u00fan proceso de compra o suscripci\u00f3n, reciba en el que se le solicite informaci\u00f3n personal o bancaria o que le redirija a otra p\u00e1gina web que no sea propiedad de&nbsp;ROBOTASPIRADORFRIEGASUELOS.COM&nbsp;o en el que se le pida que verifique sus datos bancarios o que pague por un medio distinto del autorizado por&nbsp;ROBOTASPIRADORFRIEGASUELOS.COM,&nbsp;ya que podr\u00eda ser un intento de suplantaci\u00f3n de personalidad ( \u2018spoofing\u2019 o \u2018phishing\u2019), y deber\u00e1 considerarlo fraudulento.&nbsp;&nbsp;<\/li><\/ul><br>\n<p><b>Ley aplicable y jurisdicci\u00f3n.<\/b><\/p>\n<p>Con car\u00e1cter general las relaciones entre QUEHAYDECOME.ES con los usuarios de sus servicios telem\u00e1ticos, presentes en esta web se encuentran sometidas a la legislaci\u00f3n y jurisdicci\u00f3n espa\u00f1olas y a los tribunales de JEREZ DE LA FRONTERA.<\/p>\n<p><b>Contacto.<\/b><\/p>\n<p>En caso de que cualquier usuario tuviese alguna duda acerca de este Aviso Legal o cualquier comentario sobre el portal&nbsp;<span style=\"font-size: 1rem;\">https:\/\/quehaydecome.es<\/span><span style=\"font-size: 1rem;\">, por favor dir\u00edjase a quehaydecome@gmail.com.<\/span><\/p>\t\t\t\t\t\t<\/div>\n\t\t\t\t<\/div>\n\t\t\t\t\t<\/div>\n\t\t<\/div>\n\t\t\t\t\t\t\t<\/div>\n\t\t<\/section>\n\t\t\t\t\t\t\t<\/div>\n\t\t","protected":false},"excerpt":{"rendered":"<p>AVISO LEGAL Aviso legal y condiciones de uso. Si has llegado a este apartado de nuestra p\u00e1gina web es porque sin duda te interesa saber m\u00e1s sobre la relaci\u00f3n que podemos tener en este espacio. Es decir, conocer los datos de nuestra actividad, la finalidad de la web, que informaci\u00f3n de la web utilizamos y [&hellip;]<\/p>\n","protected":false},"author":1,"featured_media":0,"parent":0,"menu_order":0,"comment_status":"closed","ping_status":"closed","template":"","meta":{"footnotes":""},"class_list":["post-111","page","type-page","status-publish","hentry"],"_links":{"self":[{"href":"https:\/\/www.quehaydecome.es\/index.php\/wp-json\/wp\/v2\/pages\/111","targetHints":{"allow":["GET"]}}],"collection":[{"href":"https:\/\/www.quehaydecome.es\/index.php\/wp-json\/wp\/v2\/pages"}],"about":[{"href":"https:\/\/www.quehaydecome.es\/index.php\/wp-json\/wp\/v2\/types\/page"}],"author":[{"embeddable":true,"href":"https:\/\/www.quehaydecome.es\/index.php\/wp-json\/wp\/v2\/users\/1"}],"replies":[{"embeddable":true,"href":"https:\/\/www.quehaydecome.es\/index.php\/wp-json\/wp\/v2\/comments?post=111"}],"version-history":[{"count":6,"href":"https:\/\/www.quehaydecome.es\/index.php\/wp-json\/wp\/v2\/pages\/111\/revisions"}],"predecessor-version":[{"id":129,"href":"https:\/\/www.quehaydecome.es\/index.php\/wp-json\/wp\/v2\/pages\/111\/revisions\/129"}],"wp:attachment":[{"href":"https:\/\/www.quehaydecome.es\/index.php\/wp-json\/wp\/v2\/media?parent=111"}],"curies":[{"name":"wp","href":"https:\/\/api.w.org\/{rel}","templated":true}]}}